{"id":81,"date":"2016-07-28T23:40:15","date_gmt":"2016-07-28T20:40:15","guid":{"rendered":"http:\/\/new.butterfly.ee\/?page_id=81"},"modified":"2026-01-18T18:57:06","modified_gmt":"2026-01-18T16:57:06","slug":"archive","status":"publish","type":"page","link":"https:\/\/butterfly.ee\/?page_id=81","title":{"rendered":"CV"},"content":{"rendered":"<h4><strong>\u00dclesastumised n\u00e4itustel:<\/strong><\/h4>\n<h4><strong>1.06.2008 &#8211; Tartu Rahva\u00fclikooli Trendit\u00e4ika<\/strong><\/h4>\n<h4><strong>27- 28.06.2008 &#8211; P\u00e4rnu Hansap\u00e4evad<\/strong><\/h4>\n<h4><strong>24- 27.06.2010 &#8211; P\u00e4rnu Hansap\u00e4evad<\/strong><\/h4>\n<h4><strong>28- 29.11.2015 &#8211; V\u00e4ndra Magasiaida avamise raames toimunud j\u00f5ulueelne n\u00e4itus-m\u00fc\u00fck.<\/strong><\/h4>\n<h4><strong>6- 31.10.2018 &#8211; Rahvusvaheline maalin\u00e4itus &#8220;Lehesadu&#8221;, Tartu \u00dclikooli Narva kolledz.<\/strong><\/h4>\n<h4><strong>4- 31.03.2019- \u00d5limaalide n\u00e4itus &#8220;Haapsalu aastaajad&#8221; K\u00e4nnukuke raamatukogus.<\/strong><\/h4>\n<h4><strong>7- 13.05.2019- Akvarellide n\u00e4itus &#8220;Talv Kadriorus&#8221; kohvikus Katharinenthal.<\/strong><\/h4>\n<h4><strong>25- 28.04.2019-\u00a0 &#8220;Fabriano Watercolor Festival 2019&#8221;- Itaalia<\/strong><\/h4>\n<h4><strong>14.05.- 31.08.2019- Akvarellide n\u00e4itus &#8220;Lilled kohvikus&#8221; Katharinenthali kohvikus.<\/strong><\/h4>\n<h4><strong>4.10- 31.12.2019- Akvarellide n\u00e4itus &#8220;S\u00fcgis Kadriorus&#8221; kohvikus Katharinenthal.<\/strong><\/h4>\n<h4><strong>15.11- 10.12.2019- &#8220;Art Bridge Watercolour 2019&#8221;- 10th.Internationale Biennale- St.Petersburg<\/strong><\/h4>\n<h4><strong>8- 11.12.2019- &#8220;1st OlypiArt Exhibition&#8221;- New Delhi, Indira Gandhi National Centre of the Arts<\/strong><\/h4>\n<h4><strong>25- 31.05.2020-\u00a0 &#8220;Fabriano Watercolor Festival 2020&#8221;- Itaalia<\/strong><\/h4>\n<h4><strong>19.06- 25.07.2020- &#8220;Akvarelle maa ja mere tagant&#8221;- \u00dchisn\u00e4itus Aleks Kase\u00b4ga Tallinna Keskraamatukogus<\/strong><\/h4>\n<h4><strong>31.03.2021- Fabriano Art performance &#8220;2020Horizon&#8221;<\/strong><\/h4>\n<h4><strong>27.08.- 8.10.2022- Watercolor biennial &#8220;Mini Castra 2022&#8221; &#8211; Sloveenia<\/strong><\/h4>\n<h4><strong>06- 12.03.2023- International Watercolour Festival of IWS-Arte- Cordoba, Hispaania<\/strong><\/h4>\n<h4><strong>26.04- 03.07.2023- &#8220;Fabriano Watercolor Festival 2023&#8221;<\/strong><\/h4>\n<h4><strong>09.11.2023- 31.01.2024- \u00d5li- ja akvarellimaalide \u00fchisn\u00e4itus Lii P\u00e4hkel\u00b4ga Hestia Hotel Europa &#8220;Meeldej\u00e4\u00e4vad paigad&#8221;<\/strong><\/h4>\n<h4><strong>27.04- 15.06.2024 &#8211; &#8220;Fabriano Watercolor Festival 2024&#8221;<\/strong><\/h4>\n<h4><strong>14- 19.10.2024- &#8220;Fabriano Watercolor Festival 2024&#8221;- Texases<\/strong><\/h4>\n","protected":false},"excerpt":{"rendered":"<p>\u00dclesastumised n\u00e4itustel: 1.06.2008 &#8211; Tartu Rahva\u00fclikooli Trendit\u00e4ika 27- 28.06.2008 &#8211; P\u00e4rnu Hansap\u00e4evad 24- 27.06.2010 &#8211; P\u00e4rnu Hansap\u00e4evad 28- 29.11.2015 &#8211; V\u00e4ndra Magasiaida avamise raames toimunud j\u00f5ulueelne n\u00e4itus-m\u00fc\u00fck. 6- 31.10.2018 &#8211; Rahvusvaheline maalin\u00e4itus &#8220;Lehesadu&#8221;, Tartu \u00dclikooli Narva kolledz. 4- 31.03.2019- \u00d5limaalide n\u00e4itus &#8220;Haapsalu aastaajad&#8221; K\u00e4nnukuke raamatukogus. 7- 13.05.2019- Akvarellide n\u00e4itus &#8220;Talv Kadriorus&#8221; kohvikus Katharinenthal. 25- 28.04.2019-\u00a0 [&hellip;]<\/p>\n","protected":false},"author":1,"featured_media":0,"parent":0,"menu_order":5,"comment_status":"closed","ping_status":"closed","template":"page-templates\/front-page.php","meta":{"footnotes":""},"class_list":["post-81","page","type-page","status-publish","hentry"],"_links":{"self":[{"href":"https:\/\/butterfly.ee\/index.php?rest_route=\/wp\/v2\/pages\/81","targetHints":{"allow":["GET"]}}],"collection":[{"href":"https:\/\/butterfly.ee\/index.php?rest_route=\/wp\/v2\/pages"}],"about":[{"href":"https:\/\/butterfly.ee\/index.php?rest_route=\/wp\/v2\/types\/page"}],"author":[{"embeddable":true,"href":"https:\/\/butterfly.ee\/index.php?rest_route=\/wp\/v2\/users\/1"}],"replies":[{"embeddable":true,"href":"https:\/\/butterfly.ee\/index.php?rest_route=%2Fwp%2Fv2%2Fcomments&post=81"}],"version-history":[{"count":26,"href":"https:\/\/butterfly.ee\/index.php?rest_route=\/wp\/v2\/pages\/81\/revisions"}],"predecessor-version":[{"id":626,"href":"https:\/\/butterfly.ee\/index.php?rest_route=\/wp\/v2\/pages\/81\/revisions\/626"}],"wp:attachment":[{"href":"https:\/\/butterfly.ee\/index.php?rest_route=%2Fwp%2Fv2%2Fmedia&parent=81"}],"curies":[{"name":"wp","href":"https:\/\/api.w.org\/{rel}","templated":true}]}}